f 96654?
2, 3, 89, 181
List the prime factors of 14322224.
2, 7, 127877
What are the prime factors of 1494931?
23, 64997
List the prime factors of 3283903.
7, 19, 24691
What are the prime factors of 1980376?
2, 247547
What are the prime factors of 191363?
31, 6173
List the prime factors of 17236876.
2, 19, 337, 673
List the prime factors of 6153085.
5, 43, 28619
List the prime factors of 10587599.
11, 962509
List the prime factors of 437214.
2, 3, 72869
What are the prime factors of 1841259?
3, 7, 87679
List the prime factors of 630464.
2, 9851
List the prime factors of 149090.
2, 5, 17, 877
List the prime factors of 152498.
2, 76249
What are the prime factors of 5218939?
11, 19, 24971
What are the prime factors of 417552?
2, 3, 8699
List the prime factors of 493119.
3, 11, 17, 293
What are the prime factors of 195272?
2, 7, 11, 317
What are the prime factors of 273756?
2, 3, 7, 3259
What are the prime factors of 1639612?
2, 13, 31531
List the prime factors of 101945.
5, 20389
What are the prime factors of 282230?
2, 5, 13, 167
What are the prime factors of 4055835?
3, 5, 7, 19, 107
What are the prime factors of 94844?
2, 131, 181
What are the prime factors of 271324?
2, 29, 2339
List the prime factors of 3401715.
3, 5, 241, 941
List the prime factors of 484180.
2, 5, 43, 563
What are the prime factors of 11884744?
2, 23, 64591
What are the prime factors of 17881012?
2, 59, 75767
List the prime factors of 21730971.
3, 433, 16729
What are the prime factors of 137248?
2, 4289
What are the prime factors of 259598?
2, 293, 443
List the prime factors of 177117.
3, 43, 1373
What are the prime factors of 1461356?
2, 13, 157, 179
List the prime factors of 311335.
5, 71, 877
List the prime factors of 1526921.
11, 127, 1093
List the prime factors of 2952034.
2, 61, 24197
What are the prime factors of 2794718?
2, 1397359
What are the prime factors of 4912705?
5, 7, 140363
What are the prime factors of 729932?
2, 7, 131, 199
List the prime factors of 2175749.
109, 19961
List the prime factors of 44915.
5, 13, 691
List the prime factors of 8961015.
3, 5, 7, 31, 2753
What are the prime factors of 2362487?
37, 67, 953
What are the prime factors of 190153?
29, 79, 83
List the prime factors of 14027427.
3, 59, 26417
What are the prime factors of 248261?
13, 113
List the prime factors of 107114.
2, 7, 1093
What are the prime factors of 10759625?
5, 86077
What are the prime factors of 14441366?
2, 1499, 4817
List the prime factors of 732868.
2, 19, 9643
List the prime factors of 3500797.
71, 49307
What are the prime factors of 1617419?
223, 7253
List the prime factors of 82802.
2, 19, 2179
What are the prime factors of 2058439?
2058439
List the prime factors of 1948264.
2, 243533
List the prime factors of 535554.
2, 3, 29753
List the prime factors of 3511386.
2, 3, 195077
What are the prime factors of 7402151?
173, 42787
What are the prime factors of 851055?
3, 5, 56737
List the prime factors of 224965.
5, 13, 3461
List the prime factors of 237103.
41, 5783
List the prime factors of 2840771.
2840771
List the prime factors of 29052528.
2, 3, 605261
List the prime factors of 609751.
609751
List the prime factors of 999352.
2, 124919
List the prime factors of 10702143.
3, 1189127
What are the prime factors of 913643?
97, 9419
List the prime factors of 1011100.
2, 5, 10111
What are the prime factors of 29648327?
109, 272003
List the prime factors of 1359717.
3, 453239
What are the prime factors of 5522236?
2, 19, 72661
What are the prime factors of 93001?
93001
List the prime factors of 1251556.
2, 139, 2251
List the prime factors of 21768.
2, 3, 907
What are the prime factors of 520959?
3, 211, 823
List the prime factors of 515896.
2, 59, 1093
List the prime factors of 2324968.
2, 290621
List the prime factors of 1050618.
2, 3, 175103
List the prime factors of 27871445.
5, 7, 113761
What are the prime factors of 600228?
2, 3, 16673
List the prime factors of 5467174.
2, 19, 143873
List the prime factors of 2290408.
2, 286301
What are the prime factors of 2040483?
3, 680161
List the prime factors of 1943727.
3, 647909
What are the prime factors of 9133726?
2, 7, 17, 38377
List the prime factors of 1913849.
7, 101, 2707
List the prime factors of 738371.
157, 4703
What are the prime factors of 67304?
2, 47, 179
List the prime factors of 182617.
182617
List the prime factors of 1187868.
2, 3, 11, 8999
What are the prime factors of 597664?
2, 19, 983
List the prime factors of 121548.
2, 3, 7, 1447
What are the prime factors of 304553?
304553
What are the prime factors of 140732?
2, 151, 233
What are the prime factors of 3135500?
2, 5, 6271
What are the prime factors of 13406006?
2, 6703003
What are the prime factors of 207300?
2, 3, 5, 691
List the prime factors of 4697306.
2, 31, 239, 317
What are the prime factors of 17747369?
17747369
What are the prime factors of 827068?
2, 11, 18797
List the prime factors of 62818.
2, 7, 641
What are the prime factors of 3985165?
5, 797033
List the prime factors of 3182172.
2, 3, 7, 43, 881
List the prime factors of 3345665.
5, 669133
What are the prime factors of 416427?
3, 11, 12619
What are the prime factors of 374744?
2, 139, 337
What are the prime factors of 4885?
5, 977
List the prime factors of 2642491.
41, 64451
What are the prime factors of 267141?
3, 7, 12721
List the prime factors of 13109355.
3, 5, 7, 41617
List the prime factors of 529078.
2, 11, 24049
List the prime factors of 90514.
2, 167, 271
List the prime factors of 16242716.
2, 7, 79, 1049
List the prime factors of 14903326.
2, 71, 104953
List the prime factors of 91864.
2, 11483
What are the prime factors of 460746?
2, 3, 11, 13, 179
What are the prime factors of 13889533?
7, 887, 2237
What are the prime factors of 2075453?
2075453
What are the prime factors of 6806574?
2, 3, 23, 41, 401
List the prime factors of 912508.
2, 228127
What are the prime factors of 140343?
3, 7, 41, 163
List the prime factors of 214316.
2, 131, 409
What are the prime factors of 6429?
3, 2143
List the prime factors of 152368.
2, 89, 107
List the prime factors of 1113662.
2, 11, 223, 227
List the prime factors of 87618.
2, 3, 17, 859
What are the prime factors of 649133?
761, 853
What are the prime factors of 3516416?
2, 17, 101
What are the prime factors of 552179?
552179
List the prime factors of 848630.
2, 5, 113, 751
What are the prime factors of 134747?
127, 1061
List the prime factors of 441906.
2, 3, 73651
List the prime factors of 7631728.
2, 13, 36691
What are the prime factors of 3841288?
2, 11, 43651
What are the prime factors of 156981?
3, 11, 67, 71
What are the prime factors of 138385?
5, 13, 2129
List the prime factors of 6457735.
5, 1291547
List the prime factors of 156419.
156419
What are the prime factors of 629552?
2, 7, 11, 73
What are the prime factors of 1242147?
3, 414049
List the prime factors of 366220.
2, 5, 18311
What are the prime factors of 945989?
11, 85999
What are the prime factors of 261783?
3, 17, 29, 59
List the prime factors of 74793.
3, 107, 233
What are the prime factors of 221476?
2, 17, 3257
List the prime factors of 246469.
246469
List the prime factors of 13146.
2, 3, 7, 313
What are the prime factors of 20650742?
2, 7, 271, 5443
What are the prime factors of 9415811?
19, 495569
What are the prime factors of 8743020?
2, 3, 5, 11, 13, 1019
List the prime factors of 32657065.
5, 7, 933059
What are the prime factors of 557410?
2, 5, 7, 7963
List the prime factors of 5685080.
2, 5, 311, 457
What are the prime factors of 135412?
2, 97, 349
What are the prime factors of 7063923?
3, 2354641
List the prime factors of 7612839.
3, 13, 23, 41
List the prime factors of 15547752.
2, 3, 11, 67, 293
List the prime factors of 263633.
43, 6131
What are the prime factors of 1334031?
3, 444677
List the prime factors of 11166413.
79, 107, 1321
List the prime factors of 1063296.
2, 3, 13, 71
What are the prime factors of 744060?
2, 3, 5, 12401
List the prime factors of 12344686.
2, 17, 109, 3331
What are the prime factors of 1271688?
2, 3, 11, 4817
What are the prime factors of 654823?
13, 17, 2963
What are the prime factors of 603629?
13, 59, 787
List the prime factors of 27529.
27529
What are the prime factors of 6714272?
2, 209821
What are the prime factors